of y?
3, 31
Suppose 6*r - 3*r - 45 = 0. Suppose q - 73 = r. What are the prime factors of 3 + (q - -1) - (-3 + 3)?
2, 23
Let s = -276 + 297. Suppose 12*g = s*g - 4572. What are the prime factors of g?
2, 127
Let z = -13 + 21. Let k be (180/z)/9*58. Suppose -4*o + 171 = -k. What are the prime factors of o?
79
Let m be 2/((-14)/7) + 12. Suppose -m*l + 9*l + 310 = 0. List the prime factors of l.
5, 31
Let w = 3985 + 12124. What are the prime factors of w?
89, 181
Let a(t) = 20*t - 82. Let l be 12/32 + (-173)/(-8). List the prime factors of a(l).
2, 179
Let r(s) be the third derivative of -445*s**4/24 + 11*s**3/3 - 230*s**2. What are the prime factors of r(-2)?
2, 3, 19
Let a(i) = 1080*i**2 + 397*i + 1980. List the prime factors of a(-5).
5, 5399
Let i(g) = 4*g + 97. Let d be i(-23). Suppose -238 = -4*m - 2*s - s, 0 = -d*m + 5*s + 280. List the prime factors of m.
2, 29
Let o(b) = -87*b + 702. List the prime factors of o(-44).
2, 3, 5, 151
Suppose 5*s - 26 = z, -4*s = 7*z - 12*z - 25. Suppose s*p = -0*p + 1205. List the prime factors of p.
241
What are the prime factors of 0/(42/(-6)) + ((-616250)/(-5))/5?
2, 5, 17, 29
Let a be (2 + -4)/(-14) + 25801/7. Suppose 3*z - 7*z = -5*c + a, 3*c + 5*z = 2219. Suppose 10*n - 4*n = c. List the prime factors of n.
3, 41
Let z(t) = 7*t**2 - 159*t - 1035. What are the prime factors of z(88)?
39181
Suppose 0 = -13*r + 12*r + 2. Suppose 529 = r*y - 389. List the prime factors of y.
3, 17
Let j(q) = 5*q - 4*q + 6 + 9*q - 48. Let o be j(-5). What are the prime factors of (6/(-20))/((-6)/(-15))*o?
3, 23
Suppose -29116 = -3*s + o, 3*s + o - 32933 = -3819. List the prime factors of s.
3, 5, 647
Let s(o) = 48*o - 9. Let p(n) = -n + 1. Let z(c) = 18*p(c) + s(c). Let x be z(-4). Let i = 175 + x. List the prime factors of i.
2
Let h(v) = 2*v**3 + 3*v**2 + 3*v - 17. Let n = -8 + 20. Suppose 0*y - n = -3*y. List the prime factors of h(y).
3, 19
Suppose 9 = -49*q + 58*q. What are the prime factors of (-288)/(-1) + q*(-7 - -9)?
2, 5, 29
Let f = 2861 + 18678. What are the prime factors of f?
7, 17, 181
Let d be (-1 - 0)*-1*64/16. Let o(t) = -37*t**2 + d*t + 75*t**2 - 16 - 35*t**2. What are the prime factors of o(7)?
3, 53
Suppose 5*i = -2*c + 21, -4*c + 9*c - 12 = i. Suppose -4*n - 3*z = -96, 19*n = 16*n - 5*z + 72. Let q = c + n. List the prime factors of q.
3
Let p = 91 + 44. Let m = 204 + p. What are the prime factors of m?
3, 113
Let g(w) = 2*w**3 - w - 67. Let b be g(0). Let l = b + 54. List the prime factors of ((-24)/(-7))/(l/(-91)).
2, 3
List the prime factors of 504/1296*4/(-7) + (-1244146)/(-18).
69119
Let z(x) = -10*x + 126. Let q be z(12). List the prime factors of -5*(q - 908/4).
5, 13, 17
Suppose 0 = -10*f + 50463 - 26219 + 61296. List the prime factors of f.
2, 7, 13, 47
Suppose 0*y + 1259 = 5*a + 3*y, 0 = -a - 2*y + 256. Suppose -235 - a = -5*v. Let r = 69 + v. What are the prime factors of r?
2, 83
Suppose -21*v + 15*v + 18 = 0. Let f be (26/8 - v) + (-66)/8. List the prime factors of (52/f + 3/(-3))*-10.
3, 5
Let x(u) = -2*u**3 - 11*u**2 - 2*u + 22. Let p be x(-6). Let t = p - -33. What are the prime factors of t?
103
Suppose 3*u + 2*r = 17080, 3*u - 2*r + 5011 - 22071 = 0. What are the prime factors of u?
2, 5, 569
Suppose -74*l + 708923 = -287073 + 50202. What are the prime factors of l?
12781
Let m(u) = -14*u**2 + 32*u - 8. Let r(b) = -14*b**2 + 33*b - 8. Let v(d) = -4*m(d) + 3*r(d). List the prime factors of v(6).
2, 13
Let f = 38 + -42. Let l be (f/3)/(54/(-243)). List the prime factors of 65/40 - l/(-16).
2
Let l(q) = -178*q**3 + 13*q**2 + 17*q - 6. List the prime factors of l(-4).
2, 3, 17, 113
Let l(h) = 151*h - 42. Let p be l(6). Let y = 53 + p. List the prime factors of y.
7, 131
Suppose 0 = -4*g + 5*d - 5, 3*d - 3 = g + 7. Suppose 0 = -2*r - 5*k + 663, -r + g*k = -6*r + 1620. List the prime factors of r.
11, 29
Let m = 181 - 144. Suppose -26*t = -m*t + 3982. What are the prime factors of t?
2, 181
Suppose -2394445 = -178*r + 108*r + 1084835. What are the prime factors of r?
2, 3, 19, 109
Suppose 0 = 5*z - h + 2399, 8*z - 6*z - 3*h + 957 = 0. What are the prime factors of (3/2 + 1)/((-12)/z)?
2, 5
Let c be 0*(-4)/10*15/12. Suppose -d = -4*f - 0*f - 48, c = -2*f + 2*d - 18. Let k = f + 33. List the prime factors of k.
2, 5
Let k = -5 - -9. Let h(q) = -q**3 - 71*q**2 - 2*q - 142. Let x be h(-71). Suppose 4*u - 6*u + 112 = -k*s, 4*u - 3*s - 229 = x. What are the prime factors of u?
2, 29
Let a be ((-39)/(-6))/((-9)/54). Let m = a - -1135. What are the prime factors of m?
2, 137
Let o be (-4 - -3)*-1 - -387. Suppose 5*g = 1162 + o. What are the prime factors of g?
2, 5, 31
Let j = -46 - 20. Suppose -534 + 100 = 7*k. Let r = k - j. List the prime factors of r.
2
Suppose -40373 = -12*m + 26923. List the prime factors of m.
2, 701
Let r = 1296 - 1272. Let a(i) = -45*i. Let q be a(-1). Let g = r + q. What are the prime factors of g?
3, 23
Let g be (-16)/6*(-21)/(-2). Let t(a) = -27*a - 133. What are the prime factors of t(g)?
7, 89
Suppose 3*d + 42 = 2*t - 139, 2*t - 183 = d. Let f be (0 - 3)*t/(-12). Let i(c) = 4*c + 15. What are the prime factors of i(f)?
107
Let m(r) = r + 2. Let y be m(2). Let a(g) = 7*g - 25. Let v be a(y). What are the prime factors of -1*2/v + (-2510)/(-30)?
83
Suppose z = 5*z - 4. List the prime factors of z/(4/(-136))*(1 - 19).
2, 3, 17
Let i(b) = -10678*b - 2339. List the prime factors of i(-3).
5, 5939
Suppose -80*c + 1073142 = -151*c + 98*c. List the prime factors of c.
2, 7, 17, 167
Let c(l) = 574*l + l**3 + 5*l**2 + 9 - l**2 - 578*l. Let r be c(-5). Suppose -r*u = -3*d + 384, 4*u = 5*u. List the prime factors of d.
2
What are the prime factors of (46/(2392/53170))/((-26)/28 - -1)?
5, 7, 409
Let u be 64/6 + 63/189. Suppose u*y - 2*g - 396 = 7*y, 3*y + g = 307. What are the prime factors of y?
101
Let m(b) = 22*b**2 - 7*b + 1. Let q be m(1). List the prime factors of -12*(-4)/q + 1466.
13, 113
Let y = -4916 + 12571. List the prime factors of y.
5, 1531
Suppose -9*x + 1340 = x. Suppose -67*l + x = -66*l. List the prime factors of l.
2, 67
Let d = 73 - 68. Suppose d*i - 11*i = -570. Let t = i - -30. List the prime factors of t.
5
Suppose 0 = -x + 3562 + 74. List the prime factors of x.
2, 3, 101
Let b(q) = 9 + 1518*q - 2 - 1535*q + 10. Let z = -9 - -4. What are the prime factors of b(z)?
2, 3, 17
List the prime factors of 1742 + (-2 - (2 + -1)).
37, 47
Let k(q) = q + 24. Let t(o) = -o**2 + 11*o + 22. Let m be t(13). Let r be k(m). Suppose -r = 5*p, 0*i - i + 4*p + 42 = 0. List the prime factors of i.
2, 13
Suppose -14*s = -10*s - 72. Suppose -b + s = b. Suppose -79 = -n + b. What are the prime factors of n?
2, 11
Suppose 3*m - 427 = -s + 5*s, -212 = 2*s - 2*m. Let p = 353 + s. Suppose 4*c - 183 = -3*t - c, 0 = -4*t - 3*c + p. What are the prime factors of t?
61
Suppose 7*p + 492 = g + 2*p, 0 = -p + 1. Suppose 6*f - 6 = 3*f. Suppose -3*n - 4*y - 17 = -318, 5*n = -f*y + g. What are the prime factors of n?
3, 11
Let l = 269 - 272. Let h(w) = -65*w - 3. List the prime factors of h(l).
2, 3
Suppose -17*m + 1267 = -450. Suppose -2*l - l = -510. Let h = l - m. List the prime factors of h.
3, 23
Let t be 2 - (-14 + 7 - -3). What are the prime factors of (-2073)/t*(-7 - -5)?
691
Suppose 0 = 4*y + 23 + 1. Let o(t) = t - 1. Let q be o(-1). What are the prime factors of (q/(y/(-27)))/((-7)/35)?
3, 5
Let t(m) = m**2 + 30*m - 86. Let c be t(3). Let l(z) = 9*z**2 - 24*z + 6. What are the prime factors of l(c)?
3, 5
Let r(s) = 37*s**2 - s + 26. Let o be r(-6). Let p = -720 + o. What are the prime factors of p?
2, 7, 23
Let g(i) = 189*i**2 + 38*i - 493. What are the prime factors of g(12)?
27179
List the prime factors of 2*(-23676)/(-4)*4/12.
2, 1973
Suppose 25*p + 19*p = 73*p - 502077. What are the prime factors of p?
3, 29, 199
Let y = -9002 - -14602. List the prime factors of y.
2, 5, 7
Let f(y) = y**2 - 8*y + 11. Let z be f(6). Suppose -c + 3*c + 26 = 0. What are the prime factors of (-2 + z)*39/c?
3
Suppose -v + 10969 + 9513 = -t, -v + 20478 = t. What are the prime factors of v?
2, 5
Let c = -37 + 67. Let t = 41 - c. Suppose t*q + 161 = 2*o + 6*q, 3*q = -9. What are the prime factors of o?
73
What are the prime factors of (-110386)/(-16) - (-12 + 8)/(-32)?
6899
Suppose -y - 2 = 1. Let k 